
50
-9 - (23 + -20 + 4)
-16
Calculate -57 + 64 + -86 + 31.
-48
Evaluate -2824 - -2838 - (-1 - 5).
20
What is the value of 7 - 41 - (-32 - -12) - (-2 - -16)?
-28
(-9 - (-24 + (21 - 20))) + -56
-42
What is 13 - (78 + -182 + 2 + 32)?
83
What is the value of -55 - ((-2 - -6) + 2 + (-12 - (-60 - -59)))?
-50
What is the value of (26 - 19) + (21 + 3 - (-66 - -16))?
81
Evaluate 25 + 53 + -15 + 5 + -1 + (3 - 7).
63
What is -40 - ((16 - 13) + -16)?
-27
(-79 - -70) + -67 + 187
111
What is the value of -8 - -20 - (-32 + -5 + 3 + 14)?
32
What is the value of (-84 - 3 - -127) + -69?
-29
Evaluate 166 + -179 - (-23 + (2 - (2 + -5))).
5
What is (-33 - -31) + 57 + -44?
11
What is 69 - (33 + 141 + -95)?
-10
What is -35 + (9 - (-5 - 10)) - (2 - -35)?
-48
What is -49 - (-47 - (45 + -54))?
-11
-1 + (422 - 442 - (0 + 90))
-111
What is the value of -73 + 27 - -91 - 60?
-15
Calculate -5796 + 5828 - (85 - 3).
-50
Evaluate -62 - ((-2 - 8) + 15 + -19 + 13) - -5.
-56
19 - (-47 + (-153 - -101))
118
Calculate -29 + -1 - (-3977 + 3988).
-41
What is (107 - 46 - 14) + -71?
-24
4 + -18 - (7 - 19) - (0 - -11)
-13
What is -69 + -6 - (681 + -867)?
111
What is the value of -35 - (-65 - -124) - (26 + 0)?
-120
Calculate 2 + -54 + (8 - -173).
129
254 + -603 + 218 + (0 + -2 + 1 - 0)
-132
What is (16 - (54 - -2)) + 48 - (-9 + 1 + -1)?
17
Calculate -82 + (32 + -1 - 14) + 5.
-60
What is -88 + (100 - (66 + -56))?
2
What is -5 - ((-23 - ((0 - -3) + 0)) + 4) - -2?
19
What is 27 + (-1 - -5) + -45 + 21?
7
(-14 - 4 - -23) + 17 - 10
12
What is the value of 11 + (2 - 1 - 3 - (3 - (54 - 31)))?
29
Evaluate -5 - (-48 - -30) - (71 + -8).
-50
What is the value of 4 + -7 - 17 - (-4 + 3 + 13)?
-32
What is the value of 124 + -57 + -63 + 22?
26
What is the value of (-43 - (-1 + -3 + 6)) + (-125 - -132) + 9?
-29
What is -99 + 145 + (-34 - 3) + 10?
19
What is (17 - -1) + (-5535 - -5452)?
-65
What is the value of 29 - -1 - (-23 + -1 + 8 + 28)?
18
-3 + -2 - ((431 - 403) + 0 + -17)
-16
Evaluate -15 + -52 + 41 + (-8 - (-4 - -8)).
-38
What is the value of 17 - (18 + (3 - 48) + 16)?
28
What is (-11 - -3) + 8 - (9 + 2)?
-11
68 - -147 - 70 - 78
67
What is the value of (-86 - (-49 + -70)) + (-3 - -20)?
50
Evaluate 838 + -799 - (11 + -1 + -4).
33
What is the value of (-11 - 2) + (-58 + 78 - -62) + 18?
87
Evaluate -2 + (-7 - (-19 - -3)) + -51 - 18.
-62
What is 23 + (27 - 45) + 41?
46
Calculate (55 - (138 - 68)) + (-1 - -43 - -1).
28
What is 108 - (-16 + (83 - -30))?
11
338 + -438 - (-29 + 19)
-90
Calculate (0 - -4 - (6 - 6) - 8) + 2 - -95.
93
Calculate (-2179 - -2209) + (36 - 1 - -3).
68
(23 - -25 - 55) + -2
-9
What is (-15 - 8 - -108 - 17) + -23?
45
What is the value of 30 - (-7 + 9) - 14 - -60?
74
What is (-7 - (-29 + 1)) + 647 + -653?
15
What is (-1 + 2 - -80 - 0) + -695 + 688?
74
366 + -487 - (6 + -89)
-38
Evaluate 2 + -20 + 2 + (2411 - 2388).
7
Calculate 0 + -101 - (85 - 195).
9
Calculate 8 + (147 - (42 + 134)).
-21
109 + 0 + (-11 - 64 - -42)
76
Evaluate -45 - (137 - (4 + 65)).
-113
48 + -1 - (429 + -408)
26
What is -6 + (27 - 26) + 1 + 26?
22
Evaluate (-15 - (-8 + -2)) + 8 - (11 + -18 + 2).
8
What is -14 - (-35 + 21 + -7)?
7
What is -3 - (-1 + -5 + 7) - (-40 + 55)?
-19
What is the value of (10 + -2 + (94 - 98) - -27) + 1?
32
(2 - -2) + (-18 + (5 - 12) + 4 - 8)
-25
Calculate 110 - (-1 - -1) - (9 + -603 - -596).
108
What is 55 + -27 + 20 + (6 - 4 - -1)?
51
Evaluate -28 - (-88 - -19) - (-7 + 6 + -4).
46
Evaluate 56 + -79 - (7 + -4) - -104.
78
What is -20 + (8 - 97) + 10 + -8 + 11?
-96
Calculate -14 + (6 - -7) + 11 - (-2 - 0 - 4).
16
What is (36 - 71 - -108) + -19?
54
What is the value of -1 + 0 + 51 - (-5 + 99 - 83)?
39
Evaluate 54 + -18 + -59 + 15.
-8
What is -2 + (2 + 1 + -13 - (8 + -33))?
13
Calculate 54 - (22 + -30) - (-36 - 4).
102
Calculate -16 - ((-9 - 0) + -1) - (-1 + 6 + -57).
46
What is 397 + -358 - (42 + 0)?
-3
(-40 - (11 + -5)) + -218 + 213
-51
What is -91 - -82 - (3 + 13) - -24?
-1
What is the value of -1 + 34 - (-3 + (5 - 3) + -1)?
35
47 - (-3 + -9 - (5 + -17 + -1))
46
What is (55 - 36) + -29 - -109 - 31?
68
Calculate 44 + 4 + -397 + 378.
29
Calculate 56 + -63 - (92 - (12 + -12) - (3 - 5)).
-101
Calculate (-22 - 29 - -46) + 78 + 7 + -5.
75
3 - ((0 - 32) + -24 + 25 + 2)
32
What is the value of (2 - -34) + (6 - (-1 + -4) - 16) + 11?
42
-12 + (1 - -9) - 8 - (21 + -19)
-12
What is (-2 - -4) + (83 - 2) - (-46 + 43 + 3)?
83
Evaluate (-1 - -5) + 7192 + -7110.
86
246 - 95 - 135 - (-8 - (-2 + 3))
25
Calculate 128 + -90 + (-36 - 70).
-68
Calculate -53 + (34 + 3 - -18) + (1 - 0 - 19).
-16
Evaluate 9 + 1 + -11 + -1 - (-4 - -2).
0
-95 + (149 - 253) + 68
-131
Calculate -91 - ((-5 - -4) + -9 - (-34 + 74 - 55)).
-96
7 + (14 + 18 - (-57 + 23))
73
What is (26 - -15) + -12 + -13 - 44?
-28
Calculate 1111 + -1095 + 0 + 63.
79
What is the value of (-19 + 2 + 3 - -8) + (-1 - 2)?
-9
Calculate (-27 + 0 - -4) + (-5891 - -5895).
-19
Evaluate -14 + -2 + 5 + (-53 - (-2 + 3)) - -4.
-61
Evaluate 373 + -454 - (-105 + -10).
34
-42 + 143 + 52 + -91
62
Evaluate (21 - ((-1 - -19) + -9)) + (1 - 13).
0
Calculate -4 - (-5 - 6 - -16) - 119 - 10.
-138
What is the value of (-1 - -17 - (-33 + 78 + -9)) + 0 + 2?
-18
Evaluate -658 + 629 + (-4 + 23 - -6).
-4
What is the value of 30 + 1 - (11 - (-8 + -9 - -19 - -14))?
36
What is the value of 54 - (-33 + 66) - (4 + -2 + -5 + 7)?
17
Calculate (5 + (-4 - -1) - (4 - (5 + -7))) + -1.
-5
What is the value of -66 - (-19 + 4 + -31 + 22)?
-42
Calculate (-5 + -8 - -8) + 97 + -47.
45
Evaluate (156 + -165 - (-6 - -5)) + 33.
25
What is (69 - 131) + -8 + 16?
-54
What is the value of (23 + -54 - -23) + 11 + -139?
-136
What is the value of (17 - (66 - 3 - 13)) + 22?
-11
Calculate -6 + 3 + 6 - (15 + 11 - 63).
40
Evaluate (-1 - -9) + -116 + 55 - (-101 - -102).
-54
What is 17 + -17 + (1 - -2) + 6 + 397 + -293?
113
Evaluate 127 - (40 + 53 + -4).
38
-2 - 39 - (-31 + (210 - 96))
-124
Evaluate -59 - -55 - (0 - (47 - -1)).
44
-4 + -1 - ((-6 - 0) + 2 + (97 - 124))
26
5 + (-2 - -94 - 0) - (65 + -34 + -32)
98
Calculate (5335 - 5277) + 15 + (5 - 3) + 1.
76
Evaluate -9 - (10 + (-19 - (-19 - -15))).
-4
What is ((-6 - 0) + 2 - (-40 + 23 + 12)) + -43?
-42
Evaluate -1 + -1 + 10 - (9 - 7) - (3 + 8).
-5
What is the value of 55 + (25 - (59 - 12))?
33
Evaluate -3 + 5 + 93 - (14 + (16 - (5 - -24))).
94
Evaluate 63 + -133 + 65 + -25 + -1 + 1.
-30
What is the value of (-15 - -32) + 21 - 9?
29
Calculate -17 + 61 + -47 - 24.
-27
Calculate (185 - 128 - 76 - (-28 - 0)) + -114.
-105
-9 + 14 - 14 - (20 - (20 - (-18 - -22)))
-13
Calculate -20 + -2 + 15 + 7 + -22 + 14 + -8.
-16
Evaluate 2 + 23 + 1268 + -1350.
-57
What is 4 + (-9 - 39) - -50?
6
What is the value of (78 - (29 - 19 - 6)) + -4?
70
Calculate -12 - ((40 - 83) + -13 + -5).
49
What is the value of 19 + (8 - (9 + -20 - (-10 + 5))) + -8?
25
What is -56 - (-35 - (3 - 22) - (-4 + 3))?
-41
What is 47 + 16 + -13 + -4 + -10 + -1?
35
What is the value of -3091 + 3099 - (-55 + -2)?
65
Calculate -12 - 9 - (-80 + (45 - (18 + 4))).
36
-125 - (35 + -95) - -30
-35
Evaluate (-233 + 190 - (-1 + 4 + 1)) + (10 - 14).
-51
Calculate -3 + 2 + -43 - ((-33 - -111) + -83).
-39
What is (5 + -13 + (3 - -5) - 58) + 1?
-57
What is (-1 + -13 - 0) + (-3826 - -3800)?
-40
-8 - -3 - (-27 - (-56 - -28) - (59 - 0))
53
What is (-1 - -72) + -6 + (-36 + 25 - -6)?
60
Evaluate -21 - (-21 - (-36 + (10 - -8))).
-18
What is the value of 53 - (5 + (1 - 3) - (10 - (26 + -23)))?
57
(44 - (12 + -11)) + 2 + -7 + 5 + 9
52
Evaluate 155 - 84 - -17 - 99.
-11
What is -60 + 1 + 2477 + -2370?
48
What is (-9 - (-19 + (-11 - -20)) - -14) + -70 - 2?
-57
-7 - (-5 + 11 + -4) - (-60 + 6 + -58)
103
Calculate -51 + 1 + -78 + (10 - -79).
-39
1 + -18 + (-93 - (37 - 150))
3
(11 - 0) + (-16 + 14 + -6 - (3 + -6))
6
-59 - ((-1 + -1 - -1) + (17 + -17 - 8))
-50
51 + (122 - (268 - 18))
-77
Calculate 17 - 32 - (30 + -17 - 48).
20
What is the value of -211 + 216 + (1 - -5) + -28?
-17
What is the value of -17 - 0 - (-136 - ((-14 - -19) + -21))?
103
-62 + 58 + -1 + 17 - 3 - 15
-6
(-306 - -319) + (-93 - 6)
-86
What is the value of -27 - (1 + -6 + 920 + -996)?
54
What is 66 - (6 - -21) - 50?
-11
What is -4 + 21 + 25 + -35 - -17?
24
Calculate 4 - 2 - 2 - ((47 - 15) + -61).
29
-56 + 43 + (17 - 30)
-26
(-3 + -1 - (16 - (15 + (13 - 2)))) + 32
38
What is the val